se -i - 29 = -x*l. What is the tens digit of l?
1
Let y(r) = 17*r**2 - 16*r - 62. What is the tens digit of y(-7)?
8
Let f be 9/(-21) + (-53)/7. Let q be -4*(0 + 6/f). Suppose -19 = -2*r + a, -q*r + 0*r + 23 = 4*a. What is the units digit of r?
9
Let g = 68 + 220. What is the units digit of g?
8
Suppose 0*q = 2*z + q - 9, -5*z + 45 = -5*q. Suppose -z*j - 4*j + 110 = 0. What is the tens digit of j?
1
Let q(n) = 2*n - 14. Let h be q(12). Suppose 0 = 3*m - j - h, -3*m - j + 2 = 0. What is the tens digit of m - (2 + -1) - -41?
4
Suppose -119 = -7*h + 161. Suppose 5*s = -1 + 21. Suppose -h = -s*d - d. What is the units digit of d?
8
Suppose -2*v - 15 = v, 32 = 4*k - 4*v. Suppose -k*l - 2*l - 100 = -5*p, -5*l - 78 = -4*p. What is the tens digit of p?
2
Suppose 4*w - 5*s = 595, -2*w = -6*s + 7*s - 301. What is the hundreds digit of w?
1
Let p(w) = 124*w**2 - 7*w - 6. What is the units digit of p(-2)?
4
Let s be (-4 - -3)/((-2)/(-26)). Suppose -4*x = c + 50, -c - 32 = 2*x - 4*x. Let b = s - c. What is the tens digit of b?
2
What is the hundreds digit of (18956/21)/(3 - (-40)/(-15))?
7
Let u(n) = -n**2 + 8*n - 1. Let f be u(8). What is the tens digit of (24 + f - -2) + 2?
2
Suppose 8*j = 35 + 5. Suppose j*v = 2*v + 57. What is the units digit of v?
9
Let o = -1840 - -3828. What is the tens digit of o?
8
Let t(b) = b + 12. Let k be t(-9). Suppose -3*j + 6 = -k*m, 0 = 3*j + 3*m + m + 22. What is the tens digit of -4*(3 - (-17)/j)?
2
What is the tens digit of ((-70)/15)/(-6 - (-4568)/762)?
8
Let h = -169 + 98. Let c = h - -153. What is the units digit of c?
2
Let o = 2 - -2. Suppose o*s - 12 = 4. Suppose -x = 0, 2*c - 4*c + s*x + 126 = 0. What is the tens digit of c?
6
Let q(z) = -37*z**3 + z**2 + 5*z + 4. What is the tens digit of q(-2)?
9
Let v(t) = t**3 - 3*t**2 + 4*t - 3. Let u be v(2). What is the units digit of (-1 + 1 + u)*35?
5
Suppose -h = 2*v - 4*v - 201, -2*v - 6 = 0. Suppose -k - k = y - 44, h = 5*y + 5*k. What is the units digit of y?
4
Let b = -5394 + 7951. What is the hundreds digit of b?
5
Let z(x) = 282*x**2 - 24*x + 9. What is the tens digit of z(2)?
8
Let l = 6606 - 3439. What is the tens digit of l?
6
Let s(u) = -u**2 - 19*u + 126. What is the units digit of s(-21)?
4
Let w = 13 + -12. Let k be 2*3/(w + 2). What is the units digit of (20/(-16))/(k/(-8))?
5
Suppose -4*s + 2*s - 2656 = -4*t, 0 = -3*t + 3*s + 1998. What is the tens digit of t?
6
Let s(a) = 2*a**3 - 5*a**2 + 4*a - 4. Let w be s(3). Let o = w + -7. Suppose 6 = 4*q - o. What is the units digit of q?
4
Let l(f) = f + 3 + 0 - 1. Let k be l(2). Suppose 2*g + k*v = 3*v + 60, 0 = 2*g - v - 64. What is the tens digit of g?
3
Suppose -3*c + 4*a - 859 = 0, 4*c + 726 = -2*a - 434. Let z = -169 - c. What is the hundreds digit of z?
1
What is the units digit of (-2*(-9)/12)/((-168)/(-84224))?
2
Suppose -5270 = -5*c - 860. What is the hundreds digit of c?
8
Let b(m) = -m**3 - 4*m**2 - 3*m + 4. Let n be b(-4). Let f = 59 - n. What is the tens digit of f?
4
Let h be -15 - 3/6*4. Let r = 62 + h. Let q = r - 20. What is the tens digit of q?
2
Let q be (3/(3/(-8)))/((-14)/(-77)). What is the units digit of q/(-77) - (-1518)/14?
9
Let q(i) = i**2 - 2*i + 4. Let p(v) = v**2 - 2*v + 3. Let a(g) = 4*p(g) - 3*q(g). Suppose h + 10 = -3*x - 0*x, 5 = -x. What is the tens digit of a(h)?
1
Let u be (-3)/(-5) + (-174)/(-10). Let l = u - -38. What is the tens digit of l?
5
Suppose -f + 25 = -5*w, -4*w - 10 - 10 = -5*f. Let d(x) be the second derivative of x**4/12 - x**3/6 + 19*x**2 - 3*x - 1. What is the units digit of d(f)?
8
What is the tens digit of (-248)/(-1) - (-15)/(1 - 6)?
4
Suppose -4*o - 4*q + 400 = 0, -5*o + 2*o + 308 = 5*q. Suppose 16*a = 10*a + o. What is the units digit of a?
6
Let j(g) = -8*g**2 - 2*g - 21. Let r(t) = 16*t**2 + 5*t + 43. Let n(y) = -5*j(y) - 2*r(y). What is the hundreds digit of n(-5)?
2
Let j(i) = -i**3 + 13*i**2 + 21*i - 4. Let m be j(12). Suppose -3*d + 10*d = m. What is the units digit of d?
6
Suppose 659 + 487 = 3*o. What is the units digit of o?
2
What is the units digit of -77*(-4)/6 + 5/3?
3
Let f be 8/(-20) + ((-3)/5)/1. What is the units digit of f + 2 + 23 + -1?
3
Let c be (1/(-3))/((-6)/36). Let q = c + 59. What is the tens digit of q?
6
Suppose 22*s - 20*s + 144 = 0. What is the tens digit of ((-38)/6)/(4/s)?
1
Let n = 39 + 398. Suppose n = 11*a - 762. What is the tens digit of a?
0
Let h(f) = f**3 - 5*f**2 - 2*f + 10. Let v be h(5). Let y be (-3 + 1)/((-4)/38). Suppose -x = 5*c - 51, 2*x + y = c - v*x. What is the units digit of c?
1
Let s(q) = -q**2 - 9*q - 8. Let g be s(-7). Suppose v = -2*v + g. Suppose 0 = -0*m - v*m + 6. What is the units digit of m?
3
Let g(w) = -w**2 - 5*w + 2 - 5*w - w. Let y(v) = v - 16. Let s be y(7). What is the units digit of g(s)?
0
Let k(r) = 13*r**3 - 51*r**2 + 56*r - 47. Let h(f) = 3*f**3 - 13*f**2 + 14*f - 12. Let d(u) = -9*h(u) + 2*k(u). What is the tens digit of d(6)?
5
What is the tens digit of ((-16)/(-10))/(-2) + (-98259)/(-105)?
3
Suppose -50*c - 62992 = -81*c. What is the units digit of c?
2
What is the tens digit of 8287863/1599 + 2/(-13)?
8
Let h be (82 - 7)*(-6 - -1). Let v = h + 652. What is the tens digit of v?
7
What is the units digit of (-22277)/(-15) - (-32)/(-240)?
5
Let y be (42/4)/((-54)/(-72)). What is the tens digit of y*2 + 0 + 0?
2
Let i = -474 - -1113. Suppose -2*m - 3*m = 5*t - 675, 0 = -5*t + 4*m + i. What is the hundreds digit of t?
1
Let m(h) = 2*h + 0*h - 5*h + 4 + 13*h**2 + 3*h**2. Let q be m(2). Suppose -q = -5*v - 17. What is the units digit of v?
9
Suppose -4*f + 2*m - 50 = 20, -20 = 2*f - 4*m. What is the units digit of 10/f + (-150)/(-4)?
7
Let x be (-21)/7 + (-1 - -9). Let r(h) = -h**2 + 5*h + 12. Let s be r(x). What is the units digit of (36/10)/(s/90)?
7
Suppose -o + 3*o - 2 = 0. What is the tens digit of 26 - ((-3 - o) + 1)?
2
Suppose -f - d = -1650, -6 + 3 = -d. What is the hundreds digit of f?
6
Let m(w) = -132*w - 565. What is the tens digit of m(-40)?
1
Let y(r) = -46*r - 435. What is the hundreds digit of y(-12)?
1
Suppose 0 = i + w + 6, -18 = 2*i + 3*w + 2*w. What is the units digit of ((-1180)/(-30))/(i/(-6))?
9
Let a = 226 - -259. What is the units digit of a?
5
What is the tens digit of 2552/2*3/4 + 0?
5
Suppose -5*k = -209 + 739. Let s = k - -144. What is the units digit of s?
8
Let w = 27 - 169. Let v = 245 + w. What is the tens digit of v?
0
Suppose k = 5*y + 31, 2*y + 6 + 3 = -3*k. Let n(i) = i**2 + 6*i + 6. Let l be n(y). What is the tens digit of 524/24 + 1/l?
2
Let m(x) = 3 + 31 + 10*x + 2*x. What is the units digit of m(6)?
6
Let a = 1190 + -725. What is the units digit of a?
5
Let o(q) = -5*q - 1. Let p be o(-1). Let i be -118 + 0/((-16)/p). Let m = 166 + i. What is the tens digit of m?
4
Let r(h) be the third derivative of h**6/120 - h**5/60 - h**4/6 + 5*h**3/6 - 9*h**2. What is the units digit of r(4)?
7
Let a be (0 + 7)*(-42)/(-49). Let c be (-5)/(45/a)*3. What is the tens digit of 2 + (2 - -4) - c?
1
Let g(c) = -c - 8. Let x be g(-9). What is the units digit of (-1 - x - -4) + 23 + -6?
9
What is the units digit of 280/6*6*147/12?
0
What is the hundreds digit of (-36 + 4)/((-4)/206)?
6
Suppose -11*w = -6*w + 140. What is the units digit of (-2)/7 + ((-2108)/w - -1)?
6
Suppose -o + 5*m = -1245, o - 272 = 4*m + 974. What is the thousands digit of o?
1
Let o(v) = 17*v - 28. Let q(x) = -17*x + 29. Let m(k) = 7*o(k) + 6*q(k). What is the units digit of m(8)?
4
What is the tens digit of -7 + 1*(-363)/(-3)?
1
Let g(f) = 3*f**2 - 2*f**2 + 6 - f - 3. What is the units digit of g(2)?
5
Let c be (6/(-9))/(2/138*2). Let v = 123 + c. What is the hundreds digit of v?
1
What is the units digit of -230*(4 + (-65)/10)?
5
Let d(f) = f**3 + 10*f**2 - f + 13. Let q be d(-10). Let m = q - 27. What is the units digit of ((-2)/m + -3)*-6?
5
Suppose -2*p - 670 = -2*q, 0*p + 2*p = -2*q + 654. What is the hundreds digit of q?
3
Suppose 30*j - 31*j + 225 = 0. What is the tens digit of j?
2
Let w = 19 - 57. Let h = w - -80. What is the units digit of h?
2
Suppose 0 = 4*w - 2 + 42. Let c(p) = p + 19. What is the units digit of c(w)?
9
Let p(t) = 6*t**2 + 23*t + 8. Suppose 5*v = 64 - 109. What is the units digit of p(v)?
7
Let b = -80 - -115. Suppose b = 2*l - 13. What is the units digit of